rue
Is 13574 a multiple of 12?
False
Is 64 a factor of 2624?
True
Is 476 a multiple of 3?
False
Does 10 divide 423?
False
Does 49 divide 21999?
False
Does 25 divide 3507?
False
Is 8 a factor of 4895?
False
Does 42 divide 756?
True
Does 49 divide 19272?
False
Is 8697 a multiple of 38?
False
Does 65 divide 916?
False
Is 32 a factor of 4416?
True
Is 928 a multiple of 17?
False
Is 94302 a multiple of 279?
True
Is 2223 a multiple of 13?
True
Does 24 divide 1472?
False
Does 12 divide 372?
True
Is 39 a factor of 21908?
False
Does 18 divide 12924?
True
Is 9 a factor of 10727?
False
Is 8914 a multiple of 24?
False
Is 76249 a multiple of 33?
False
Is 11 a factor of 536?
False
Is 45 a factor of 6930?
True
Is 410 a multiple of 10?
True
Does 6 divide 165?
False
Does 66 divide 8247?
False
Is 79 a factor of 632?
True
Is 84 a factor of 35136?
False
Does 12 divide 888?
True
Is 20 a factor of 12740?
True
Does 12 divide 1540?
False
Is 17 a factor of 90780?
True
Is 46 a factor of 6111?
False
Does 13 divide 1895?
False
Does 23 divide 1363?
False
Does 9 divide 13473?
True
Does 18 divide 43668?
True
Is 35 a factor of 1760?
False
Does 24 divide 34848?
True
Does 32 divide 5120?
True
Is 20 a factor of 1840?
True
Is 3 a factor of 53?
False
Does 35 divide 93520?
True
Is 2 a factor of 796?
True
Is 13416 a multiple of 13?
True
Does 38 divide 657?
False
Is 5888 a multiple of 46?
True
Is 17512 a multiple of 16?
False
Does 98 divide 7252?
True
Is 1885 a multiple of 15?
False
Is 53 a factor of 4762?
False
Is 245 a multiple of 7?
True
Does 14 divide 1190?
True
Does 2 divide 240?
True
Does 43 divide 7612?
False
Is 1439 a multiple of 20?
False
Is 1219 a multiple of 31?
False
Is 4090 a multiple of 20?
False
Is 27588 a multiple of 3?
True
Is 7157 a multiple of 45?
False
Does 16 divide 1600?
True
Does 45 divide 3128?
False
Is 11 a factor of 33?
True
Is 770 a multiple of 55?
True
Does 19 divide 11368?
False
Is 4752 even?
True
Is 11 a factor of 308?
True
Is 667 a multiple of 29?
True
Is 9 a factor of 297?
True
Is 36612 a multiple of 34?
False
Is 9490 a multiple of 13?
True
Is 414 a multiple of 18?
True
Is 3619 a multiple of 62?
False
Does 24 divide 2376?
True
Does 9 divide 270?
True
Is 8 a factor of 175?
False
Is 18 a factor of 7632?
True
Is 55 a factor of 2255?
True
Is 46016 a multiple of 32?
True
Does 21 divide 1214?
False
Does 51 divide 204?
True
Does 69 divide 52026?
True
Is 448 a multiple of 56?
True
Does 162 divide 32239?
False
Is 121 a factor of 4210?
False
Is 21 a factor of 105?
True
Does 20 divide 1240?
True
Is 13731 a multiple of 15?
False
Is 785 a multiple of 5?
True
Is 43 a factor of 9979?
False
Does 50 divide 49300?
True
Does 21 divide 959?
False
Is 1850 a multiple of 10?
True
Is 907 a multiple of 14?
False
Does 24 divide 1032?
True
Is 2230 a multiple of 17?
False
Is 117 a factor of 36952?
False
Does 41 divide 5047?
False
Does 6 divide 54?
True
Does 2 divide 596?
True
Is 20 a factor of 5340?
True
Is 2 a factor of 454?
True
Does 18 divide 3663?
False
Does 18 divide 4212?
True
Does 5 divide 40?
True
Is 2 a factor of 9350?
True
Is 36187 a multiple of 67?
False
Is 17 a factor of 3332?
True
Does 22 divide 2178?
True
Is 4 a factor of 149?
False
Is 11 a factor of 1930?
False
Does 42 divide 7854?
True
Is 1255 a multiple of 20?
False
Is 370 a multiple of 14?
False
Does 16 divide 165696?
True
Is 8 a factor of 4912?
True
Is 60 a factor of 2272?
False
Is 512 a multiple of 64?
True
Does 4 divide 865?
False
Is 83 a factor of 1411?
True
Does 62 divide 7688?
True
Is 7956 a multiple of 56?
False
Is 30478 a multiple of 16?
False
Does 99 divide 76725?
True
Is 13 a factor of 3279?
False
Is 9240 a multiple of 9?
False
Is 1122 a multiple of 33?
True
Is 15576 a multiple of 59?
True
Does 53 divide 2141?
False
Does 37 divide 5328?
True
Is 24 a factor of 3144?
True
Does 125 divide 4125?
True
Is 33 a factor of 19536?
True
Is 24871 a multiple of 43?
False
Is 17364 a multiple of 20?
False
Does 16 divide 12368?
True
Is 4450 a multiple of 71?
False
Is 13 a factor of 1261?
True
Is 588 a multiple of 19?
False
Does 49 divide 12150?
False
Does 10 divide 1024?
False
Does 59 divide 1121?
True
Does 14 divide 135?
False
Is 2 a factor of 609?
False
Is 13 a factor of 598?
True
Does 47 divide 717?
False
Is 1471 a multiple of 44?
False
Is 6 a factor of 1830?
True
Is 48 a multiple of 16?
True
Is 27536 a multiple of 9?
False
Is 1378 a multiple of 85?
False
Is 14 a factor of 14?
True
Is 1686 a multiple of 21?
False
Does 15 divide 22?
False
Is 77771 a multiple of 110?
False
Is 205 a multiple of 2?
False
Is 10 a factor of 4264?
False
Does 3 divide 6496?
False
Is 1508 a multiple of 8?
False
Does 158 divide 41080?
True
Is 584 a multiple of 4?
True
Is 14 a factor of 2324?
True
Is 384 a factor of 32640?
True
Is 34 a factor of 5452?
False
Does 23 divide 4232?
True
Is 74675 a multiple of 89?
False
Is 148451 a multiple of 216?
False
Is 144 a multiple of 9?
True
Is 23 a factor of 2001?
True
Does 68 divide 9928?
True
Is 627 a multiple of 11?
True
Does 32 divide 897?
False
Is 95634 a multiple of 161?
True
Does 31 divide 73?
False
Is 72 a multiple of 8?
True
Is 11 a factor of 616?
True
Is 5 a factor of 58?
False
Is 3458 a multiple of 35?
False
Is 26 a factor of 1357?
False
Does 8 divide 2096?
True
Is 24 a factor of 624?
True
Is 11582 a multiple of 27?
False
Is 3336 a multiple of 12?
True
Is 13117 a multiple of 2?
False
Does 8 divide 11131?
False
Is 149 a factor of 8642?
True
Does 117 divide 9125?
False
Is 917 a multiple of 52?
False
Is 10 a factor of 1420?
True
Is 1950 a multiple of 56?
False
Is 2516 a multiple of 34?
True
Is 15906 a multiple of 11?
True
Does 6 divide 319?
False
Does 35 divide 6471?
False
Is 3348 a multiple of 27?
True
Is 82287 a multiple of 123?
True
Is 16 a factor of 784?
True
Is 2580 a multiple of 60?
True
Is 2702 a multiple of 97?
False
Is 38 a factor of 884?
False
Does 88 divide 47344?
True
Is 58 a factor of 5800?
True
Is 21 a factor of 2677?
False
Is 1558 a multiple of 15?
False
Is 103 a factor of 1957?
True
Does 35 divide 20405?
True
Is 800 a multiple of 40?
True
Is 272 a multiple of 3?
False
Is 16324 a multiple of 28?
True
Is 1352 a multiple of 19?
False
Is 16 a factor of 1888?
True
Is 960 a multiple of 24?
True
Is 5117 a multiple of 7?
True
Is 10 a factor of 1720?
True
Is 4601 a multiple of 43?
True
Is 12 a factor of 204?
True
Does 74 divide 915?
False
Is 68457 a multiple of 88?
False
Is 3093 a multiple of 45?
False
Does 10 divide 438?
False
Is 30958 a multiple of 46?
True
Does 23 divide 6956?
False
Does 15 divide 7665?
True
Is 15198 a multiple of 51?
True
Does 12 divide 17904?
True
Is 385 a multiple of 50?
False
Does 14 divide 43?
False
Is 432 a multiple of 4?
True
Is 257 a multiple of 10?
False
Does 11 divide 38324?
True
Is 15 a factor of 1761?
False
Does 4 divide 174?
False
Is 6 a factor of 3721?
False
Does 23 divide 79942?
False
Does 24 divide 12475?
False
Is 41 even?
False
Does 6 divide 60349?
False
Does 51 divide 7293?
True
Is 325 a multiple of 15?
False
Is 39 a factor of 1175?
False
Is 106 a factor of 8798?
True
Is 10 a factor of 200?
True
Is 13 a factor of 16000?
False
Is 949 a multiple of 19?
False
Is 7 a factor of 81?
False
Is 69 a multiple of 33?
False
Is 36 a factor of 1366?
False
Is 2480 a multiple of 8?
True
Does 43 divide 1924?
False
Does 8 divide 2071?
False
Does 4 divide 1584?
True
Is 10 a factor of 1318?
False
Does 133 divide 19572?
False
Is 11286 a multiple of 15?
False
Does 22 divide 1298?
True
Is 45958 a multiple of 10?
False
Does 15 divide 7613?
False
Is 29 a factor of 3886?
True
Is 313 a multiple of 8?
False
Is 32 a factor of 3264?
True
Is 88 a factor of 11779?
False
Is 45 a factor of 54855?
True
Is 4387 a multiple of 107?
True
Is 19904 a multiple of 9?
False
Is 3810 a multiple of 55?
False
Is 17 a factor of 238?
True
Is 30 a factor of 12630?
True
Is 5649 a multiple of 3?
True
Is 756 a multiple of 28?
True
Does 18 divide 511?
False
Is 1128 a multiple of 6?
True
Does 14 divide 163?
False
Is 37 a factor of 37230?
False
Is 8765 a multiple of 11?
False
Does 30 divide 6240?
True
Is 9618 a multiple of 42?
True
Does 11 divide 594?
True
Does 26 divide 2147?
False
Is 2282 a multiple of 4?
False
Is 3308 a multiple of 23?
False
Is 4562 a multiple of 60?
False
Is 121 a factor of 1331?
Tru